 -5 = -2*v + d. What is the greatest common divisor of 13 and v?
13
Let y = 95 - 67. Suppose 2126*j - 246 = 2047*j + 24 + 283. Calculate the greatest common factor of j and y.
7
Suppose -33 = l - 6*y + y, -2*l - 4*y = -4. Let p(m) = -6*m - 37. Let z be p(l). Calculate the highest common factor of z and 44.
11
Let q(t) = t**3 + 10*t**2 - 5*t - 10. Let n be q(-8). Let z = n + -151. What is the highest common factor of z and 21?
7
Suppose 2*y + 3*u = 13, 4*u - 2*u + 8 = 2*y. Suppose 5*b + 359 = 4*z, 0*b - 5 = -y*b. What is the highest common divisor of z and 14?
7
Suppose -6*y + 564 = -2*y. Let u = y + -21. Suppose 5*f + k = u, 4*k + 4 + 16 = 0. Calculate the greatest common factor of f and 100.
25
Suppose 6*b + 16*b - 1606 = 0. Let z = -665 + 738. Calculate the highest common divisor of b and z.
73
Suppose 4*r - 153 = 347. Let v be 61/(-2) - (2/(-4))/1. Let i = -5 - v. What is the greatest common factor of i and r?
25
Suppose 832*g - 409*g = 405*g + 3348. Calculate the greatest common factor of g and 7130.
62
Suppose a = -4*q + 6*q - 858, -862 = -2*q + 3*a. Suppose 15*g = q + 787. Calculate the highest common divisor of 54 and g.
27
Let u(x) = 3*x + 142. Let c be u(-46). Calculate the highest common factor of 14132 and c.
4
Suppose 6*c + 480 = 10*c + 4*v, 5*c + 3*v - 592 = 0. What is the highest common factor of c and 145?
29
Suppose -2*i = -i - 132. Suppose 0 = 6*q - 9*q - i. Let t = 89 + q. What is the greatest common divisor of t and 9?
9
Suppose -5*j - 2*t = -22763, 4*j = 3*j + 2*t + 4567. What is the highest common divisor of j and 5?
5
Let o be 2 - 1 - 0 - -124. Suppose 4*t - 12 = 0, -3*g + 5*g + t = 303. What is the highest common factor of o and g?
25
Let a(i) = i**3 + 39*i**2 + 33*i + 95. Suppose 4*f + 6*j + 157 = 11*j, -2*f - j = 75. Let s be a(f). Calculate the highest common factor of 15 and s.
15
Let a(n) = -n - 3. Let q be a(-15). Let k be 4/(((-70)/21)/(-5)). Let w be -8*(-4 + 7)/(k/(-4)). Calculate the highest common factor of w and q.
4
Let w(p) be the second derivative of p**4/2 + 2*p**3/3 - 11*p**2/2 - 167*p. Let f be w(-7). What is the greatest common factor of f and 204?
51
Let p = 35 - 80. Let x be 3/(p/50)*-36. Calculate the greatest common divisor of x and 80.
40
Let w(v) = 2*v**2 + 8*v + 9. Suppose 16*k + 45 = -19. Let i be w(k). Calculate the greatest common divisor of i and 144.
9
Suppose -2*v + w = -5, -2*v - 2*w - 8 = 2. Suppose v = 2*q - 10, 10*i - 14*i + 5*q = -147. Calculate the highest common divisor of i and 43.
43
Suppose 2*p - 12 = -2*p. Let b(q) = 6*q - 17 - q + 23 - q**2. Let u be b(p). What is the highest common divisor of u and 6?
6
Suppose -87 = -20*d + 19*d. Calculate the highest common divisor of 9 and d.
3
Suppose 140 = 5*k - 1305. Let y = 415 - k. Calculate the highest common factor of y and 168.
42
Suppose 75*r - 654 - 228 = -57. Suppose -5*f + 1489 = -2*y, -5*y = -2*f - 2*f + 1198. Calculate the greatest common divisor of r and f.
11
Suppose -8*m - 697 = 1839. Let h = 371 + m. Calculate the highest common factor of 3 and h.
3
Suppose -19*h - 3*h + 11925 = -7*h. What is the highest common factor of h and 4505?
265
Let n = -167 - -102. Let t = n - 51. Let l = t + 170. Calculate the greatest common divisor of 18 and l.
18
Suppose 33*s - 11*s - 44 = 0. Suppose -2*q + s*l + 164 = 0, -2*q - 50 = -4*l - 216. What is the greatest common divisor of 27 and q?
27
Let g be 244/28 + (-4)/(-14) - -971. Calculate the greatest common factor of g and 80.
20
Let n be 57/(7 + 2952/(-423)). What is the highest common divisor of 114 and n?
57
Suppose -925 = 5*b + 5*b - 3005. What is the greatest common divisor of 6968 and b?
104
Let x = 16387 - 9888. What is the greatest common divisor of 67 and x?
67
Let d(y) = 8*y - 14. Let k be d(8). Let b = -1732 - -1782. Calculate the highest common divisor of k and b.
50
Let d(s) = -s**3 + 28*s**2 + 57*s + 316. Let j be d(29). Calculate the greatest common factor of j and 72.
24
Let i(u) = 199*u + 5. Let w be i(-4). Let v = w + 1176. Let t = -7906 - -7941. Calculate the highest common factor of t and v.
35
Let c be (-4)/(3 - 1)*-10. Let f(s) = 7*s**2 - 69 - 76 + 10*s - s**3 + 85. Let k be f(5). What is the greatest common divisor of c and k?
20
Let l(j) = 478*j - 3993. Let d be l(33). Calculate the greatest common divisor of 21 and d.
21
Let c be ((-6)/(-10))/((-49)/(-13475)). Calculate the highest common divisor of 20 and c.
5
Suppose l + 1 - 64 = 0. Let p = -497 - -500. Suppose -4*o + 3 = -p*o - 3*u, o = -4*u + 17. Calculate the greatest common divisor of l and o.
9
Let v(g) = 5*g**3 - g. Let f be v(1). Suppose -31 = -6*m - 1. Suppose 2*d - 6*d = -5*x + 104, -m*d = 5. Calculate the greatest common divisor of f and x.
4
Let w be (5/((-15)/(-588)))/(152/456). Suppose 5*u - 351 = 69. Calculate the greatest common factor of u and w.
84
Let s = -59 - -91. Suppose -4*y + s = -3*y. Let c(i) = 917*i + 4665. Let n be c(-5). What is the greatest common divisor of n and y?
16
Let j = -1077 + 1177. Calculate the highest common divisor of j and 650.
50
Suppose 13 - 29 = -4*n. Suppose 18 = -n*g + 54. Suppose -13*p - 349 = -5*b - 12*p, 3*b + 4*p = 260. Calculate the greatest common factor of g and b.
9
Suppose 3*u - 61 - 38 = -2*c, 3*c = 4*u - 149. Let y be u/(-35) - (-208 + 0). What is the highest common factor of 9 and y?
9
Let j be 1/(-2)*-206 - -1. Suppose -195 = -86606*f + 86601*f. What is the highest common divisor of f and j?
13
Suppose 1 = h - 3*x + 10, -2*h + x = -2. Suppose -19 - 1 = 5*s, 3*d = h*s + 324. What is the highest common divisor of d and 16?
8
Let g = 340 + -902. Let l = 580 + g. What is the greatest common factor of 3 and l?
3
Let u = 4 - 1. Suppose -4*h = -u*z - 0*h + 12, 0 = 2*h + 6. Suppose z = 5*d - 163 + 23. What is the greatest common divisor of d and 14?
14
Suppose -5*c + c = -40. Let i be (-3)/9 - 19/(1653/(-464)). What is the greatest common factor of c and i?
5
Suppose 395 = -3*u + 2*p, -3*p = -5*u + 65 - 725. Let o = 39 - u. What is the greatest common divisor of 261 and o?
87
Let v = 62 - -7. Suppose 0 = -3*b + v + 69. Suppose 3*q + k + k - b = 0, q = -k + 17. What is the greatest common factor of 30 and q?
6
Let a(w) = 5*w - 18. Let c be a(9). Let q = 6 - -75. What is the highest common divisor of c and q?
27
Let h(u) = -u**3 - 104*u**2 - 205*u + 233. Let g be h(-102). What is the highest common divisor of g and 871?
67
Let u = -917 + 2757. Calculate the greatest common divisor of u and 60.
20
Let q(p) = 2*p**2 - 57*p + 231. Let h be q(24). What is the highest common factor of 14205 and h?
15
Let m(t) = 18*t**3 + t**2 - 10*t - 160. Let k be m(7). What is the highest common divisor of k and 39?
13
Let x(q) be the first derivative of -3*q**2/2 + 143*q - 39. Let z be x(36). Calculate the highest common divisor of z and 5.
5
Let w = -53 - -120. Let h = 87 + w. What is the highest common factor of h and 44?
22
Suppose -11*t = -12*t + 2. Suppose 0 = -2*h + 5*d + 159, -3*d = t*h - 6*h + 353. Calculate the highest common factor of 23 and h.
23
Let r be 18/(-1)*(-5 - -10). Let p = -42 - r. Let d(j) = j**3 + 6*j**2 - 3*j - 6. Let s be d(-6). What is the highest common divisor of p and s?
12
Let h(u) = u**3 + 185*u**2 - 209*u - 1979. Let l be h(-186). Calculate the greatest common factor of 133 and l.
19
Let i = -3600 - -3712. What is the greatest common factor of 2296 and i?
56
Let g(f) = -f**3 + 4*f**2 + 18*f - 18. Let d be g(4). Let v(z) = -z**3 - 14*z**2 - 10*z - 5. Let n be v(-14). What is the greatest common factor of d and n?
27
Let s = -372 + 441. Suppose s*v = 75*v - 342. Let p(b) = 4*b**2 + 2. Let l be p(3). What is the greatest common factor of l and v?
19
Let q be (-31)/(170/35 - 5). Suppose 288 = x + 2*k - q, 2005 = 4*x + 5*k. Calculate the greatest common divisor of 45 and x.
45
Let s be 1/(1 + 5/(-4)). Let y(i) = i**3 + 5*i**2 + 2*i - 2. Let j be y(s). Suppose -45*t + 1171 = 631. Calculate the greatest common factor of j and t.
6
Suppose -5*w = 4*j - 1310, -w + 328 = 16*j - 15*j. What is the greatest common factor of j and 510?
30
Let u(c) = c**3 - 23*c**2 + 22*c + 16. Let z be u(22). Let r = 1 - -26. Let x = r - 19. What is the greatest common factor of x and z?
8
Let s be (324/10)/((-138)/30 - -5). Suppose s + 111 = 8*a. Calculate the greatest comm